f 5972497 and 3554?
1777
Calculate the highest common factor of 220772 and 14744.
388
Calculate the highest common divisor of 69124 and 220.
44
Calculate the highest common divisor of 2585 and 202147.
517
Calculate the greatest common factor of 8580 and 20.
20
What is the highest common divisor of 2948800 and 4656?
1552
What is the highest common factor of 172 and 1780?
4
What is the greatest common factor of 4664 and 12296?
424
Calculate the highest common factor of 1040032 and 448.
224
Calculate the highest common divisor of 210 and 6910.
10
Calculate the highest common divisor of 84 and 17724.
84
Calculate the highest common factor of 484 and 1678270.
242
Calculate the greatest common factor of 45666 and 301.
43
Calculate the greatest common factor of 1965 and 135.
15
What is the greatest common divisor of 22 and 352352?
22
Calculate the greatest common divisor of 224043 and 79764.
1173
Calculate the highest common divisor of 11066438 and 356.
178
What is the highest common factor of 3995698 and 1288?
322
What is the greatest common divisor of 298578 and 6?
6
What is the highest common factor of 450 and 17075?
25
What is the greatest common factor of 68840 and 24?
8
Calculate the highest common factor of 174 and 443990.
58
Calculate the highest common divisor of 128535 and 102377.
451
What is the greatest common factor of 20403 and 18?
9
Calculate the greatest common divisor of 1364 and 496.
124
Calculate the greatest common factor of 14022 and 9576.
342
Calculate the highest common divisor of 123303 and 2875.
23
What is the highest common divisor of 7854 and 63987?
231
What is the highest common divisor of 217574 and 14?
14
What is the greatest common factor of 226 and 736534?
226
Calculate the highest common factor of 35805 and 4515.
105
What is the highest common factor of 285 and 309339?
57
Calculate the greatest common divisor of 63002 and 218.
218
Calculate the highest common divisor of 15826 and 20458.
386
What is the greatest common factor of 20 and 129830?
10
Calculate the greatest common divisor of 150 and 16000.
50
What is the greatest common factor of 710 and 223934?
142
Calculate the highest common divisor of 215 and 14319.
43
What is the greatest common factor of 18292 and 2959?
269
What is the greatest common factor of 268 and 74236?
268
Calculate the highest common divisor of 30996 and 820.
164
Calculate the greatest common factor of 67962 and 188.
94
What is the greatest common factor of 369 and 71832?
123
What is the highest common divisor of 34 and 38777?
17
What is the greatest common divisor of 86 and 1347362?
86
Calculate the greatest common factor of 67727 and 187.
11
Calculate the greatest common factor of 6112 and 5312.
32
What is the greatest common factor of 50015 and 5?
5
Calculate the highest common divisor of 86 and 94729.
43
Calculate the greatest common divisor of 1197 and 71559.
9
What is the greatest common divisor of 19878 and 108?
6
Calculate the greatest common factor of 36741 and 17538.
111
What is the highest common divisor of 2886 and 137418?
222
Calculate the greatest common divisor of 406208 and 2816.
704
Calculate the highest common divisor of 23080 and 2440.
40
Calculate the highest common factor of 1225696 and 8.
8
Calculate the greatest common factor of 9222 and 4134.
318
Calculate the greatest common divisor of 80757 and 81.
81
What is the greatest common factor of 495 and 19195?
55
Calculate the highest common factor of 1148 and 780.
4
What is the highest common factor of 281 and 43?
1
What is the greatest common factor of 1256117 and 123?
41
Calculate the highest common divisor of 4020 and 33567.
201
What is the highest common factor of 924 and 15015?
231
What is the highest common factor of 47040 and 3480?
120
Calculate the greatest common divisor of 277114 and 508.
254
Calculate the highest common factor of 5650 and 41450.
50
Calculate the greatest common divisor of 6750 and 9666.
54
What is the highest common divisor of 16801 and 13568?
53
What is the greatest common factor of 6016 and 66928?
752
Calculate the highest common divisor of 266 and 4142.
38
Calculate the greatest common factor of 604 and 838654.
302
Calculate the greatest common divisor of 179463 and 1835.
367
What is the highest common divisor of 59956 and 221?
13
What is the greatest common factor of 2420 and 508442?
242
Calculate the highest common factor of 8496 and 1032.
24
What is the greatest common factor of 49 and 88648?
7
Calculate the greatest common factor of 1399834 and 826.
118
What is the highest common factor of 231 and 452683?
77
What is the greatest common factor of 312367 and 292?
73
Calculate the highest common divisor of 2348028 and 486.
162
What is the greatest common factor of 816 and 2550?
102
Calculate the greatest common divisor of 72 and 5664.
24
What is the greatest common factor of 429 and 113295?
39
What is the greatest common divisor of 60 and 119790?
30
What is the greatest common divisor of 294955 and 25?
5
Calculate the highest common divisor of 23076 and 1377.
9
What is the greatest common divisor of 1350906 and 2013?
183
What is the greatest common divisor of 228 and 14918268?
228
Calculate the highest common divisor of 1616 and 1136.
16
Calculate the greatest common factor of 548 and 38.
2
What is the greatest common divisor of 40590 and 34815?
165
What is the greatest common divisor of 73852 and 13024?
148
What is the highest common divisor of 34569 and 1035?
207
Calculate the greatest common divisor of 71 and 118286.
71
Calculate the greatest common divisor of 101360 and 88328.
1448
What is the greatest common factor of 23198 and 14?
14
Calculate the greatest common divisor of 55389 and 999.
111
What is the greatest common factor of 243459 and 11811?
381
Calculate the highest common divisor of 258 and 400502.
86
What is the highest common divisor of 313242 and 9546?
222
Calculate the greatest common factor of 60 and 24090.
30
What is the greatest common divisor of 213 and 54031?
71
What is the greatest common divisor of 1584 and 9432?
72
What is the highest common factor of 15 and 10836?
3
Calculate the greatest common factor of 12 and 559236.
12
Calculate the greatest common factor of 59607 and 99.
9
Calculate the highest common divisor of 342 and 102676.
38
What is the highest common factor of 46548 and 22140?
108
What is the highest common divisor of 200 and 174025?
25
What is the highest common divisor of 20 and 750565?
5
Calculate the greatest common factor of 2884470 and 30.
30
What is the highest common divisor of 19536 and 13392?
48
Calculate the highest common divisor of 11662 and 6517.
343
What is the greatest common divisor of 139359 and 615?
123
Calculate the greatest common factor of 5660902 and 52.
26
Calculate the greatest common divisor of 468 and 10452.
156
What is the greatest common divisor of 1712 and 432?
16
Calculate the greatest common factor of 33878 and 1274.
26
What is the highest common factor of 6 and 51522?
6
What is the greatest common divisor of 7242 and 15762?
426
What is the greatest common factor of 652 and 124858?
326
Calculate the greatest common divisor of 11872 and 159.
53
What is the greatest common divisor of 276 and 2927532?
276
What is the highest common divisor of 48906 and 143?
143
What is the highest common divisor of 25727 and 1001?
13
What is the highest common factor of 56754 and 378?
54
What is the greatest common factor of 6976 and 50249?
109
Calculate the greatest common factor of 21242 and 172.
86
Calculate the highest common divisor of 1004 and 124.
4
What is the highest common factor of 702 and 36036?
234
Calculate the highest common divisor of 446 and 97897.
223
What is the greatest common factor of 570 and 151449?
57
What is the greatest common divisor of 791500 and 3000?
500
Calculate the highest common factor of 1989 and 9639.
153
Calculate the greatest common factor of 331906 and 789.
263
Calculate the greatest common factor of 177267 and 1776.
111
What is the greatest common divisor of 1536 and 342432?
96
What is the highest common factor of 54002 and 124?
62
What is the greatest common factor of 943 and 902?
41
Calculate the greatest common divisor of 10235 and 52955.
445
Calculate the greatest common factor of 100 and 57706